 0*w + w, -3*j = -4*w - 263. What is the units digit of j?
1
Suppose -13 = -5*k + 7. Suppose 4*n + 13 - 47 = 2*j, -3*j - k*n = 11. Let p = j - -17. What is the units digit of p?
8
What is the tens digit of 117 - (-6 - (1 + -5))?
1
Let w(x) = x - 6. Let y be w(6). Suppose 2*v + v + 12 = y. What is the units digit of ((-6)/v)/(15/10)?
1
Let q be (-2)/12 + 3133/78. Let y = 87 - q. What is the units digit of y?
7
Let h(t) be the third derivative of t**5/60 + 5*t**4/12 + 2*t**3 - t**2. What is the units digit of h(-9)?
3
Suppose -4*y - 5*v + 247 = -0*y, v + 209 = 3*y. Suppose 0 = -4*m - 2*o + y, o = -3*m - o + 50. What is the tens digit of m?
1
What is the tens digit of 1228/20 - 2/5?
6
Let y(z) = -246*z + 1. What is the units digit of y(-1)?
7
Let f(o) = o + 2. Let x be f(-3). Let g = x - -2. What is the units digit of g?
1
Let a(l) = l**2 - 2*l - 12. Suppose 7*s + 25 = 2*s. What is the tens digit of a(s)?
2
Let h be 1/4 - (-2)/(-8). Suppose 3*j = h, -9 = 3*f + 5*j - 0. What is the tens digit of (f - -2) + (8 - -3)?
1
Let b(w) = w**2 - w - 1. What is the units digit of b(10)?
9
Let y = -1 - -3. Suppose -3*p = -3*h + 150, -y*h - p + 142 = h. Suppose 5*i + 5*a = -13 + h, i - 3*a = 11. What is the units digit of i?
8
Suppose -22*g = -19*g - 270. What is the units digit of g?
0
Let s(v) = -9*v + 7. Let r be s(-5). What is the units digit of 2/(-8) + 1937/r?
7
Let d = 26 - 15. What is the units digit of d?
1
Let a be 1 - ((-2)/(-1) - -3). Let x(u) = 160 + u**2 + 0*u**2 - 160 + 3*u. What is the units digit of x(a)?
4
What is the tens digit of 2*130 - (-1 + 5/(-5))?
6
What is the tens digit of ((-20)/4 - -34) + (-1 - 1)?
2
Suppose 49 = 3*b - 2*b. What is the units digit of b?
9
Suppose 3*r - 5*r = -10. Let q(a) = a**3 - 4*a**2 - 6*a + 6. Let n be q(5). Let u = r + n. What is the units digit of u?
6
Suppose -p + c + 17 = 0, -2*p - 3*c - 63 = -6*p. Suppose -4*v - o + 4*o = 8, -4*v - p = -4*o. What is the units digit of v?
1
Let l(y) = 3*y + 3. Let f be l(5). Suppose g - 16 = -3*g. Suppose 10 = g*a - f. What is the units digit of a?
7
Let r = -4 - -40. What is the tens digit of r?
3
Let h be 20 + (0 + 6)/3. What is the units digit of h - (-1 - -2)*2?
0
Suppose -m + 56 = 21. What is the units digit of m?
5
Suppose 5 = o + 4*i, -4*o - 5*i + 23 = 3. Suppose 3*m = 2*s + 43 - 4, o*s + 37 = 2*m. What is the tens digit of m?
1
Let y = -4 + 4. Suppose 2*l + 3*k = 3*l - 2, 2*l + k - 11 = y. What is the units digit of l?
5
Suppose -1 = -2*l - 39. Let g be (l + 2)*(-1 + 0). Suppose -5*h = -47 + g. What is the units digit of h?
6
Let d = -1 + 35. What is the tens digit of d?
3
Let t(q) = -2*q - 4. Let k be t(-3). Suppose 3*d + k*d + 23 = 4*v, 3*d + 13 = 2*v. What is the units digit of v?
2
What is the tens digit of ((-92)/8)/(4/(-8))?
2
Let z = 122 - 38. What is the units digit of z?
4
Suppose 3*q = 29 - 11. Let d(v) = -v + 14 - q + 0*v. What is the units digit of d(5)?
3
Suppose r + 2 = -1. Let o = r - -2. What is the units digit of (-6)/o + (2 - 1)?
7
Suppose -3*s + 0*s + 15 = 0. What is the units digit of s?
5
Let w(p) = p**2 + 7*p + 8. Let v be w(-6). Suppose v*h = -1 + 9. Suppose 20 = h*d - 0*d. What is the units digit of d?
5
Let i = -5 - -5. Suppose -2*j + i*j = -10. Suppose -4*y = j - 13. What is the units digit of y?
2
Let m(s) = 2*s**3 + 4*s. What is the tens digit of m(3)?
6
Let h = -59 - -193. What is the hundreds digit of h?
1
Let w(k) = -4*k + 4. Let q(l) = -l + 1. Let x = -10 - -15. Let d(h) = x*q(h) - w(h). What is the units digit of d(-8)?
9
Let z = -6 - -10. Suppose z*j - 3 = j. Let f = 12 + j. What is the units digit of f?
3
Suppose -w + 2 = -3. Suppose 4*q + 3*t = 5*q - 9, -w*q + 3*t = -69. What is the units digit of q?
5
Suppose 4*h - 102 = 158. Suppose -4*u + h = -31. What is the units digit of u?
4
Let w = 3 - 3. Suppose w = -h + 5*h - 32. Let c = h - 6. What is the units digit of c?
2
Let u = 127 - -67. What is the hundreds digit of u?
1
Let o(p) = -p. Let i be o(-5). Suppose 8 + 17 = i*k. What is the units digit of k?
5
Let q = 69 + -38. Suppose -q = 5*h - 96. What is the tens digit of h?
1
Let l(k) = -7*k**3 + k**2 + 2*k + 1. Let t be l(-1). Suppose 0 = -t*v + 6*v + 30. What is the tens digit of v?
3
Suppose l + 0*i = -4*i + 49, -i = 3. What is the tens digit of l?
6
Let m be (2/6)/(2/18). What is the units digit of (8/m)/(14/21)?
4
Let w be (0 + 1)/(4 - 5). Let x(n) = -7*n**3 - 2*n - 1. What is the units digit of x(w)?
8
Suppose -3*q - 3 = -15. Suppose q*a = 2*a + 10. Suppose a*n - 4*n = 2. What is the units digit of n?
2
Suppose -s = 2*z + 4*s + 60, 3*z = 2*s - 52. Let q be ((-16)/z)/((-2)/10). Let l(b) = -b**3 - 2*b**2 + 2*b - 4. What is the tens digit of l(q)?
2
Let c(s) = 3*s**3 - s**2 - s + 1. Suppose -3*m + 3*r - r = -3, 4*m + 5*r - 4 = 0. What is the units digit of c(m)?
2
Suppose 0 = -0*z - 4*z - 4*m + 112, 0 = 2*z - 2*m - 56. Let v = z - 20. Suppose v*w + 26 = 2*y + 3*w, 0 = 4*y - 4*w - 40. What is the units digit of y?
8
Suppose 0 = -5*u - 10, -3*u + 77 + 10 = -f. Let h = -66 - f. What is the units digit of h?
7
Suppose -3*w - 237 + 240 = 0. What is the units digit of w?
1
Let y(w) = -w**2 - 4*w + 10. Let x be y(-5). Suppose -2*g = 5*b - 89, 5*b = 3*b + x*g + 53. What is the units digit of b?
9
Suppose 6 = 2*b - 2. Suppose -4*i = -5*q - 5*i + 45, 2*q - 18 = -b*i. What is the units digit of q?
9
Let p be -1 + 3 - -5 - 1. Let o be (1/2)/(3/p). Suppose 4*a = -f - f + 6, 4*a - o = 3*f. What is the units digit of f?
1
Let r = -15 + 26. Let q(h) = -h**3 + 11*h**2 + 12. What is the tens digit of q(r)?
1
Let q(u) = 10*u + 7. What is the units digit of q(8)?
7
Let x = -99 - -163. What is the tens digit of x?
6
Suppose 0 = -2*q + 5*t - 2*t - 113, 0 = -4*q + 4*t - 220. Let p = -31 - q. What is the tens digit of p?
2
Suppose 0*f = -2*f + 6. Suppose a - 5*r - 10 = 0, -5*a + f*r = -0*a - 6. Suppose 3*b = -a*b + 3. What is the units digit of b?
1
Let s(v) = 3*v + 16. Let w(i) = 2*i + 11. Let u(z) = -5*s(z) + 7*w(z). Let j be u(-8). Suppose -19 = -j*q + 16. What is the units digit of q?
7
Let i(h) = -2*h. Let j be i(-1). Suppose y + 4 = -j. Let a = -4 - y. What is the units digit of a?
2
Let b be 4*6/(3/(-1)). What is the tens digit of (91/(-28))/(2/b)?
1
Let p be 0/(6/3) + 3. Let x(d) = -d**2 + 4*d - 1. Let i be x(p). What is the units digit of (-60)/(-9) - i/(-6)?
7
Let w(n) = -n**3 + 4*n**2 + 3*n - 3. Suppose 4 + 3 = 5*h + b, 2*h - 4*b - 16 = 0. What is the units digit of w(h)?
1
Let g(l) = -l**2 + 19*l + 4. What is the tens digit of g(12)?
8
Suppose -3*n - 3*a = -378, 122 = 4*n - 3*n - 3*a. What is the tens digit of n?
2
Suppose 4*r - 4*m + 2*m = 86, -3*r - 2*m = -82. Suppose -j = -5*j + r. Suppose 0 = -4*i + 2*p + j, 5*i = -8*p + 3*p + 45. What is the units digit of i?
4
What is the units digit of (2 - (-3 - -2)) + (225 - 2)?
6
Suppose 14*q = 12*q + 102. What is the units digit of q?
1
Let m(k) = k**2 - 7*k + 3. Let r(l) = -2*l - 3. Let f be r(-5). What is the units digit of m(f)?
3
Suppose 6*m - 184 = 2*m. Suppose 0 = 2*b + f - 14, -2*b + m - 12 = -4*f. What is the units digit of b?
9
Let j be (-6)/4*8/12. Let v = j + -1. What is the units digit of (v/4)/(1/(-12))?
6
Let u(a) = a**2 - 15*a - 7. What is the tens digit of u(17)?
2
Suppose 2*t + 8 = 0, 3*t - 19 - 3 = -l. What is the units digit of l?
4
Let w(b) = b - 6. Let j be w(7). Let r(a) = 4*a**2. What is the units digit of r(j)?
4
Let c(p) = p - 10. Let j be c(7). Let f be ((-1)/(-2))/(j/(-90)). Suppose f = 5*o - 2*o - 3*s, 55 = 5*o + 5*s. What is the units digit of o?
8
Let b(d) = 3*d**3 - 4*d**2 + 7*d - 4. What is the tens digit of b(3)?
6
Let y(x) = x**2 + 4*x + 11. Let o be y(-5). Let v = o - 15. What is the units digit of v?
1
Suppose -r + 3 = 0, 2*q = -r - 2*r + 321. What is the units digit of q?
6
Suppose o = -3*n + 67 - 10, 0 = -4*o + 4*n + 244. What is the tens digit of o?
6
Let q(g) = 2*g**2 + 10*g - 11. What is the units digit of q(-8)?
7
Suppose 5*x + 13 + 64 = f, -x + 199 = 3*f. What is the units digit of f?
7
Let p be (1*10)/(4 - 2). Suppose 0 = -4*q - 5*w + 8, 0 = -p*q + 6*w - 3*w + 10. What is the units digit of (0 - -1)*2/q?
1
Let o(j) = j**3 + j**2 - 4*j - 2. Let q be o(5). Suppose 3*h = -3*l + 132, 4*l - l - q = -4*h. What is the units digit of l?
8
Suppose p + 1 =